2 + 1043*l - 1043*l + 6*l**3. Let z be p(2). What is the greatest common divisor of j and z?
4
Suppose 7*o + 299 = 684. Let s be 1322/6 - (-2)/(-6). What is the greatest common divisor of o and s?
55
Let u = 30 - 8. Let y be (-15)/(-6)*-8*u/(-8). Let t = 13 + -8. What is the greatest common divisor of t and y?
5
Suppose 3*p - 8426 - 3520 = 0. Calculate the highest common factor of 22 and p.
22
Let a = -46 - -760. Let q be 40/7*a/68. What is the greatest common divisor of 18 and q?
6
Suppose -5*v - 38 = -2*z - 12, z = -4*v + 26. Let y be -3 + (59 - (-1 - -3)). What is the greatest common factor of y and z?
18
Let z = -107 + 111. Suppose 5*s + d - 67 = 0, -4*d = z*s + d - 41. What is the highest common factor of s and 28?
14
Let g be (1 + (-3)/2)*32/(-16). Let h be (g + 1 - 5)*(-56)/6. Suppose -3*t + 6 = q, -7*q + 2*t + h = -5*q. What is the highest common factor of 3 and q?
3
Suppose 26*g + 22*g - 26649 = 39*g. What is the highest common divisor of g and 282?
141
Let c be (6/(-15))/(((-2)/(-180))/((-52)/156)). Let v = 4 + -25. Let m = 37 + v. Calculate the highest common factor of c and m.
4
Let u be (2/(-5))/((-2)/450). Let t(m) = 5*m**2 - 5*m - 1. Let q = 38 + -39. Let i be t(q). What is the highest common factor of i and u?
9
Let v(r) = -r**3 - 4*r**2 - r - 1. Let a be v(-4). Suppose 40*c - 35*c - 335 = -h, 2*c - 8*h = 218. What is the highest common divisor of a and c?
3
Let j be (-4)/(-5) - (-212)/10. Let p(x) = -33*x - 10 - 20*x + 43*x. Let l be p(-12). Calculate the greatest common factor of l and j.
22
Let s = 15522 - 15513. Calculate the highest common divisor of s and 1608.
3
Suppose -6*i + 268 = -2*i. Let w = 316 + -249. Calculate the greatest common factor of w and i.
67
Let v(r) = -8*r + 24. Let m be v(-17). Suppose p = -p + m. Let t be -2 + (-80)/(-45) - 290/(-9). Calculate the greatest common factor of t and p.
16
Let s(u) = u**3 - u**2 + u - 30. Let w be s(0). Suppose -13515 = -182*z - 17*z + 2007. Let y = w + z. What is the highest common factor of 12 and y?
12
Suppose 0 = 8*c - 11*c + 210. Let h = 667 - 611. What is the highest common divisor of c and h?
14
Suppose 23*p - 91875 = -23*p - 59*p. Calculate the greatest common divisor of 14 and p.
7
Suppose -18*g + 6041 = -6997 + 2508. What is the greatest common factor of 30 and g?
15
Let t = 156 + -145. Let c(d) = -d**2 - 9*d + 138. Let a be c(8). Calculate the greatest common factor of a and t.
1
Suppose 3*w - 3*l = -2*w + 6, -4*w - 5*l + 27 = 0. Let x = -9 + 9. Suppose x*k - 2*v + 7 = -w*k, 3*k = -5*v + 28. What is the highest common factor of 9 and k?
1
Let v = -354 - -372. Let n be (-3)/(-12) + 118/8. Suppose 0 = -3*g + 87 - n. Calculate the greatest common divisor of v and g.
6
Let t = -26 + 54. Suppose -162*z - 167*z + 606 = -26*z. What is the highest common divisor of z and t?
2
Let l(u) = u**2 + 9*u + 75. Let a be l(-28). Let z = -601 + a. What is the greatest common factor of 192 and z?
6
Let a(z) = 65*z**2 - 256*z - 33. Let u be a(7). What is the greatest common divisor of u and 119?
17
Suppose -5*l + 1175 = -5*m, l = -3*l + m + 925. Let g = 45767 - 45757. Calculate the greatest common divisor of g and l.
10
Suppose -v + 417 = 3*l, 0 = -5*l - 2*v - 187 + 881. Let d(s) = 11*s + 114. Let k be d(-12). Let u = 10 - k. Calculate the highest common factor of l and u.
28
Let y be (-42)/(-8)*55648/222. What is the highest common divisor of 56 and y?
28
Suppose -3*m + 1272 = 2*l - 541, 3*m - 2*l = 1817. Calculate the highest common divisor of m and 1694.
121
Suppose -358 = -30*g - 10*g + 2842. Suppose f - 3 - 2 = 0. What is the highest common factor of f and g?
5
Let u(j) = 108*j**3 + 2*j**2 + 5*j + 3. Let c be u(-1). Let z = 130 + c. Calculate the greatest common divisor of 110 and z.
22
Let h(t) = 4*t - 27. Let x be h(9). Suppose -3*o - x*w + 6*w = -267, 287 = 3*o - 2*w. Calculate the highest common factor of 3 and o.
3
Let c(v) = v + 139 + 0*v + 61 + v. Let l be c(-34). Calculate the greatest common factor of l and 24.
12
Let x be (-2 + 8/6)*(-90)/20. Suppose 0 = x*q - 2*q - 81. What is the greatest common divisor of q and 18?
9
Let r(n) = n**2 + 10*n - 21. Let m be r(-12). Suppose -3*c + 570 = -2*v - m*v, 950 = 5*c - 3*v. Calculate the greatest common divisor of 114 and c.
38
Let o = 13626 + -9083. What is the highest common divisor of 231 and o?
77
Let o be ((-1)/1 + -6)/(-1) - -621. Calculate the greatest common divisor of o and 4.
4
Let w(p) = -189*p - 5448. Let o be w(-30). Calculate the highest common divisor of 24 and o.
6
Let k(v) = 2*v**3 + 14*v**2 - 16*v - 128. Let i be k(-5). Let l(n) = 18*n**2 + 2*n. Let q be l(-3). What is the highest common divisor of i and q?
52
Suppose -1249 = -5*u + 397 + 229. Calculate the highest common divisor of 4625 and u.
125
Let o = 27 - 9. Let s = o - 21. Let m(r) = r**3 + 3*r**2 + r + 7. Let i be m(s). What is the greatest common factor of i and 28?
4
Let l(x) = x**3 - 3*x**2 - 2*x - 7. Let c be l(4). Let o be (-20 - -10)/((-1)/4*c). Calculate the greatest common factor of o and 8.
8
Suppose 2*f = 5*v + 142, -2*f - 3*v = v - 178. Let w = -72 + f. What is the greatest common factor of 477 and w?
9
Suppose 2*d - 128 = -4*u, 118*d = 3*u + 116*d - 68. What is the highest common divisor of u and 3206?
14
Let o(x) = -x**2 + 99*x + 153. Let c be o(88). Calculate the greatest common factor of 413 and c.
59
Suppose -207 = 13*r - 467. Calculate the greatest common factor of 405 and r.
5
Suppose -4*x = 8, -186*p + 3*x = -189*p + 1632. What is the greatest common factor of 63 and p?
21
Let m be (-24)/8*142/3. Let v = m - -158. Let s(a) = -a**3 - 7*a**2 + 8*a + 6. Let b be s(-9). Calculate the greatest common divisor of v and b.
16
Let m be 1*-1*(6 + -8). Suppose -2*a + 12 = -m. Suppose -110 = -5*n - 5*v, -2*v + 102 - 30 = 3*n. Calculate the greatest common factor of n and a.
7
Let w = 306 + -19. Let y be w*(2 + -1) - (-570)/190. What is the greatest common factor of y and 10?
10
Let s be 10229/212 - (-1)/(-4). Calculate the greatest common factor of 39 and s.
3
Let r = 15011 + -15006. Calculate the greatest common factor of 495 and r.
5
Suppose -7 = -q + 29. Let r(o) = o**3 - 10*o**2 - 4*o + 5. Let t be r(3). Let a be (2 - (-24)/(-9)) + t/(-15). Calculate the greatest common factor of a and q.
4
Let s be 2 + 10/(-4 + 9) + -1. Let w be ((-15)/(-10))/s - (-108)/8. Calculate the highest common factor of 77 and w.
7
Let i(o) = o**3 + 6*o**2 + 3*o + 10. Let w be 169/(-39) - (1 - 1/3). Let x be i(w). What is the greatest common divisor of 200 and x?
20
Suppose -h + 8*t = -2571, -2*h + 3*t + 3417 = -1712. What is the greatest common factor of 3728 and h?
233
Suppose -6*c - 2*h + 29084 = 0, 4*c - 5*h = -303 + 19724. Calculate the highest common divisor of 91 and c.
13
Let a = 66 - 61. Suppose -32 - 38 = -a*w. Suppose w*g - 72 = 10*g. Calculate the highest common divisor of 45 and g.
9
Let l(t) = -138*t + 2*t**3 + 79*t + 67*t - 1 - 2*t**2. Let j be l(2). Calculate the greatest common divisor of 230 and j.
23
Let z be 6/15*(5 - 0). Suppose 0 = 2*o + 2*c + 2, -4*o + 5*c + 30 = 16. Calculate the highest common divisor of o and z.
1
Let l(x) = -5*x**3 + 60*x**2 + 79*x + 8. Let m be l(13). Calculate the greatest common factor of m and 2869.
19
Let h = -1501 + 3919. Calculate the greatest common divisor of h and 744.
186
Let u be 12/(-16)*(-30 + -2). Suppose f = -x + 34, -2*f + u = x - 3*f. Let z(g) = -24*g + 1307. Let n be z(46). What is the greatest common divisor of x and n?
29
Suppose 1 = 13*s - 14*s. Let m be 24/18 + s/3. Calculate the greatest common factor of m and 8.
1
Let i(x) = 5*x**2 - 50*x + 103. Let w be i(13). What is the highest common factor of 4023 and w?
149
Let m = 13230 - 13176. Let s be 0/(-2) - 1*-111. Suppose -3*p + 4*z + s = 0, 0 = -p - p - 4*z + m. Calculate the greatest common divisor of 33 and p.
33
Let h be 305928/324 - ((-16)/9 - -2). Calculate the highest common divisor of h and 413.
59
Suppose -12*l = 2*l - 252. Suppose -l*j + 157 + 185 = 0. What is the highest common factor of j and 76?
19
Let g(y) = -y**2 - 71*y + 674. Let l be g(-75). Calculate the highest common factor of 110 and l.
22
Suppose 7*g - 21*g + 56 = 0. Suppose 2*s - 210 = -g*z - 2, -4*z - 3*s + 210 = 0. What is the greatest common divisor of z and 459?
51
Su